h**2 - 4*h - 1. What are the prime factors of x(-10)?
239
Let n(z) = 20*z + 5. Let u be n(2). Suppose 3 = -f + u. What are the prime factors of f?
2, 3, 7
List the prime factors of 24/132 - 17169/(-11).
7, 223
What are the prime factors of 1/(8/(-16)) + 589?
587
Suppose 5*q - 12 = 2*q. Let l(b) be the second derivative of -b**5/20 + 7*b**4/12 + b**3/2 - 4*b**2 - 5*b. List the prime factors of l(q).
2, 13
Suppose 3*f - 12 = 0, 3*f = s - 0*s + 14. List the prime factors of (-3 - (-59 - s))*(-8)/(-6).
2, 3
Let q = -352 + 772. List the prime factors of q.
2, 3, 5, 7
Let z(y) = 15*y**2 - 8*y + 8*y. Let v be z(-1). List the prime factors of (-36)/v*(-10)/3.
2
Suppose -2*i + 886 = 4*x, 5*i + 1256*x - 1258*x = 2251. List the prime factors of i.
449
Let a(p) = -p**2 + 2*p + 7. Let z be a(5). Let b(s) = s**2 + 10*s + 10. Let m be b(z). Let t(i) = -i**2 - 10*i - 15. List the prime factors of t(m).
3
Let m = 58 - 53. Suppose m*x - 68 = 32. What are the prime factors of x?
2, 5
Let u(t) = t**3 - 3*t**2 - 3*t + t + 5*t. Suppose 5*g - 14 - 11 = 2*c, 4*c = -5*g - 5. What are the prime factors of u(g)?
3
Let w = 459 - 187. Let v = w + -85. What are the prime factors of v?
11, 17
Let s(w) be the second derivative of -w**5/20 + 7*w**4/12 + w**3/3 - 9*w**2/2 + 2*w. Let j be 25/(-5) + 5 - 14/(-2). What are the prime factors of s(j)?
5
Let g(j) be the second derivative of -j**5/20 + j**4/2 - j**3/2 - 3*j**2 - j. Suppose 5*h = -0 + 25. What are the prime factors of g(h)?
2
What are the prime factors of ((-24339)/(-56) - 1) + 6/16?
2, 7, 31
Let d(q) = q**3 - 9*q**2 + 2*q - 12. Suppose -3*h + 33 = -4*c + 6, -5*c - 27 = -3*h. Let g be d(h). What are the prime factors of ((-81)/g)/((-6)/8)?
2, 3
Suppose -2*n - 4*a + 52 = 2, -n = -5*a + 3. Let g = n + -10. What are the prime factors of g?
7
Let a = 25 - 20. Suppose 4*y + 2*h - 1016 = 0, -a*y - 4*h = -521 - 752. Suppose 4*x + 2*u = 188, -5*x + y = u - 3*u. List the prime factors of x.
7
Let b be 435/35 + (-6)/14. List the prime factors of 2739/18 - 2/b.
2, 19
Suppose 6736 = 20*v - 5984. What are the prime factors of v?
2, 3, 53
List the prime factors of 72828/(-168)*(-4 + 0).
2, 3, 17
Let c(q) = -q**2 - 35*q + 13. Let u be c(-15). Suppose 3*g = -5*k + 187, -3*k - 60 = 4*g - u. What are the prime factors of g?
2
Let v(k) = k**3 + 7*k**2 - 10*k - 3. Suppose 0 = n + 4 + 3. List the prime factors of v(n).
67
Suppose -2*y + 5*t + 957 = 397, 2*y - 2*t - 548 = 0. Suppose o - y = -o. Suppose -6*l = -9*l + o. List the prime factors of l.
3, 5
Let y(i) = 3*i - 1. Let f(h) = 9*h - 4. Let r(x) = 3*f(x) - 8*y(x). Suppose 26*p - 32 = 22*p. What are the prime factors of r(p)?
2, 5
Suppose 0 = 151*a - 133*a - 47322. What are the prime factors of a?
11, 239
Suppose f + 2*z - 20 = -3*z, -5*z = -15. Suppose -f*k = 6 - 1. What are the prime factors of k/(0 + (-2)/68)?
2, 17
Let i(d) = 4*d - 18. Let c be i(8). Suppose -6*z + 7*z - c = 0. List the prime factors of z.
2, 7
Let i(h) = -h**3 + 5*h**2 - 5*h + 9. Let r be i(6). Let c = r - -109. List the prime factors of c.
2, 13
Let a = 315 - 41. List the prime factors of a.
2, 137
Let n(l) be the second derivative of -2*l**2 + 0 + 5*l - 5/6*l**3. List the prime factors of n(-8).
2, 3
Let f = -4621 + 9834. List the prime factors of f.
13, 401
Let s = 17 - 12. Let b(r) = -r**3 - 4*r**2 + 12*r. Let d be b(-6). Suppose 0*i - 40 = -2*i + 2*k, d = -s*i + 4*k + 101. List the prime factors of i.
3, 7
Let f = 34 + -30. Suppose 0 = 2*l + 8, f*l - 125 = -n - 2*n. List the prime factors of n.
47
List the prime factors of ((-126)/(-105))/(2/2720).
2, 3, 17
Suppose c = 4*c - 171. Let q = c - 144. Let i = -44 - q. List the prime factors of i.
43
List the prime factors of (347/(-3))/(2/((-60)/10)).
347
Let a be 4/(-12)*-3 + (3 - -1). Suppose k = -z + 27, 0 = -2*k - 0*k - a*z + 42. What are the prime factors of k?
31
Let c(b) = 39*b**3 + 3*b**2 + 4*b + 14. List the prime factors of c(5).
2, 7, 89
Let a(k) = k**3 + 4*k**2 - k. Let q be a(-4). Suppose -q*d - 125 = d. What are the prime factors of ((-8)/5)/(5/d)?
2
Let y(x) = 4*x**3 + 4*x**2 + 20. What are the prime factors of y(5)?
2, 5, 31
Suppose 4*q - 105 = v - 944, -q - 3371 = -4*v. List the prime factors of v.
3, 281
Let u(q) = 5*q**2 + 18*q + 4. List the prime factors of u(8).
2, 3, 13
Suppose 4*w - 2*w = 4*y + 24, 4*w + 12 = -4*y. Suppose w*n - 125 = -5*p + 5*n, n = -p + 33. Let z = -4 + p. What are the prime factors of z?
2, 3
Let t = -493 + 698. Suppose 0 = -5*r + t - 20. What are the prime factors of r?
37
Let r = 31 - 19. Let z = r - 6. Let c = -4 + z. List the prime factors of c.
2
Suppose 0 = 3*d - 7*d + 108. Suppose -4*n - 2*q = -196, 2*n - 3*n + 5*q + d = 0. List the prime factors of n.
47
Suppose -u + 825 = 2*i, 3*i - 2*u - 1235 = -4*u. What are the prime factors of i?
5, 83
Suppose 8*q - 39 = 5*q. List the prime factors of q.
13
Suppose -2*r = -253 - 391. What are the prime factors of r?
2, 7, 23
Let f(m) = m**2 - 14*m - 4. Suppose -4*n = -2*p + 4, 7 = 4*p + 2*n - 1. Let z be 30/2 - (-4 + p). What are the prime factors of f(z)?
47
Let s be (-2)/1 + (-272)/24*27. List the prime factors of (-9)/(-6)*s/(-6).
7, 11
Let m be 576/57 - 2/19. Let n(p) be the first derivative of -p**3/3 + 5*p**2 + 2*p - 7. List the prime factors of n(m).
2
Let h(t) = 4*t**3 + 3*t**2 + 1 - 5*t**3 - 13*t + 8*t**2. What are the prime factors of h(9)?
2, 23
Let k(p) = 877*p**3 - 4*p**2 + p + 2. What are the prime factors of k(1)?
2, 3, 73
Let y(m) = -m**3 + 7*m**2 + 12*m - 17. Let t be y(8). What are the prime factors of ((-140)/(-6))/(5/t)?
2, 5, 7
Let v = 353 - 501. Let q be -3 + v/(-2) + -3. Suppose -6 = -3*o, s - 5*o = 3*s - q. What are the prime factors of s?
29
Let w(k) = -k**3 + 26*k**2 + 42*k - 29. List the prime factors of w(25).
2, 823
Let a(x) = -9*x + 170. Let k be a(20). Let c(f) = -2 - f - f + 5. What are the prime factors of c(k)?
23
Let c = -8 + 6. Let m(d) = -20*d + 3. Let h be m(c). Let t = h + -20. List the prime factors of t.
23
List the prime factors of 6/((-36)/(-19763)) + 20/(-24).
37, 89
Let s(n) = 0 - 3 + 2 + 6*n + 2. Let v be 19/4 + 12/48. List the prime factors of s(v).
31
Let t(p) = -p**2 + p - 2. Let j be t(3). What are the prime factors of -22*-2*(-2)/j?
11
Let v(z) = z**2 + 6*z + 7. Let d be v(-5). Suppose -w - w = 0. Suppose s - 2*x + 5*x - 22 = 0, w = d*s + 2*x - 48. List the prime factors of s.
5
Let i(c) = -c**2 - 48*c - 17. What are the prime factors of i(-30)?
523
Suppose -66 = -v - 3*v - 5*b, -4*v = -4*b - 48. What are the prime factors of (-2 + 4)*924/v?
2, 3, 11
Suppose 4*c + z + 0*z - 19 = 0, -4*c + 3*z = -7. Let l be c/1*34/8. Let v = 3 + l. List the prime factors of v.
2, 5
Let h = -2 - -2. Suppose h*g = 5*g. What are the prime factors of (g - 0) + 3 + 20?
23
Suppose 2320 = 17*s - 7*s. What are the prime factors of s?
2, 29
Let t(x) = 2*x - 17. Let r be (13/3)/(7/21). Let f be t(r). List the prime factors of (2/3)/(f/621).
2, 23
Let d be ((-5)/2 - -3)*-34. Let n(z) = z**2 + 11*z + 50. List the prime factors of n(d).
2, 19
Suppose 1264 = 13*p - 8525. What are the prime factors of p?
3, 251
Let w(h) = -h**2 - 5*h - 7. Let t be w(-6). Let i be (9 + -5)*t/(-2). Let u = i + -9. What are the prime factors of u?
17
Let z(u) = 6*u**2 - u + 9. Let y(d) = -d**3 + 5*d**2 - 2*d + 9. Let q(t) = -3*y(t) + 2*z(t). What are the prime factors of q(2)?
11
Suppose -8129 = -3*y + c, 5391 = 2*y - c + 6*c. What are the prime factors of y?
2, 677
Let v(l) be the first derivative of 2*l**3/3 - 2*l**2 - l - 11. List the prime factors of v(3).
5
Suppose -3*g = 4*f - 2402 - 4623, -g = 1. What are the prime factors of f?
7, 251
Let d(v) = v**2 + 10*v - 6. Let c(f) = -f**3 - 6*f**2 - 6*f - 6. Let m be c(-5). Let q(r) = -12*r**2. Let l be q(m). List the prime factors of d(l).
2, 3
Let v = 341 - 59. Suppose y - 276 = -3*b, 0 = 2*b + b - y - v. List the prime factors of b.
3, 31
Let u(y) = -y**3 - 12*y**2 - 5*y + 14. Suppose 3*w + 3*v - 27 = 6*w, 0 = 3*v + 9. What are the prime factors of u(w)?
2, 37
Suppose 0 = -5*t - 50 + 200. Let h = t + -25. Suppose -5*l + h = -5. What are the prime factors of l?
2
Let a(f) = f + 13. Let z be a(-11). Suppose n = 4 - z. Suppose 3*y - 73 = -n*s, -2*s - 32 = 5*y - 151. List the prime factors of y.
23
Suppose -7 = -2*k - 27. Let